2*k + 18*k**3 - 6*k**3 - 4*k**3 - 1 + 4*k**2. Let y be m(-3). Is (778/(-4))/((-1)/y) a prime number?
True
Let i be 344/(-32)*66*(-32)/6. Suppose 5*m - 3*v = 3799, 4*m + m - i = -2*v. Is m composite?
True
Suppose -p + 185 - 53 = -2*l, p = -5*l + 167. Suppose -26 = j - 5*x, -3*x + 8*x = -4*j + 21. Is p + -3*(-1)/j a prime number?
True
Let u(c) = 24*c**2 + 9*c - 6. Let z be u(-5). Suppose -z = 5*s - 4994. Is s prime?
False
Let u be 0 + 1372 + 1*3*-1. Is (u/(-3))/(6/18*-1) prime?
False
Let t = 65 + 11. Let h be t/(-24) + (-1)/(-6). Let g = h - -25. Is g prime?
False
Suppose -277018 = 23*m - 889439. Is m a prime number?
True
Is (-4 - -3) + -3 - -451*1 composite?
True
Is (-5079 + 0)*(-2)/(-3 + 9) composite?
False
Is (-2*2/6)/(122/(-45201)) composite?
True
Suppose 0 = -w + 1 - 0. Let t(c) = -w - 4*c - 4*c + 45*c**3 + 21*c**3 + 11*c. Is t(2) prime?
False
Let v = 234 + -27. Let m(b) = b**3 - 13*b**2 - 15*b + 12. Let o be m(14). Is (v + o)*(1 + 0) prime?
False
Let i = -7 - -9. Suppose 3 = i*y + 9. Is (1/y)/(1/(-393)) a prime number?
True
Let d(f) = 2*f**2 - 18*f + 15. Suppose -r + 3*m - 2*m - 9 = 0, 4*r + 66 = -2*m. Is d(r) a prime number?
True
Let p(k) = -k**2 - 20*k + 30. Let q be p(-21). Suppose 6*z - 27585 = -q*z. Is z a prime number?
False
Suppose 5*p + 20 = 0, r - 68 = -4*r + 2*p. Let t = r - -16. Let k = t + 65. Is k prime?
False
Let w(i) = 3 + 16*i**2 + 8*i**2 + 10*i**2 - 4*i. Is w(2) prime?
True
Let n(x) = -5*x**3 - 2*x**2 + 5*x - 5. Let t = 27 - 28. Let s be (-1 - (t - 3))/(-1). Is n(s) composite?
False
Let b = 105 + -234. Let k = b - -282. Is (k - (-2 - -3)) + -3 composite?
False
Suppose 3*x = 6*x - 5*j - 7154, 0 = 5*j - 10. Is (-15)/(-6)*x/30 prime?
True
Suppose 0 = -25*g + 35*g - 55670. Is g a composite number?
True
Let b(l) = -14*l + 3. Let j be b(1). Let k(s) = -13*s - 25. Is k(j) composite?
True
Let u(a) = 98*a + 67. Is u(17) a composite number?
False
Suppose 5*c - 10 = 0, -4*y - 3*c - 9 = -y. Let z(r) = 5*r**2 - r + 9. Is z(y) prime?
True
Suppose 2744 = 3*l + 5*h + 826, -2*h - 2514 = -4*l. Is l a composite number?
False
Suppose b - 2*b = 0. Suppose -5*u + 20 + 5 = b. Suppose 3*w = j + 517 + 93, -3*j = -u*w + 1010. Is w a prime number?
False
Let k(j) = -j**3 + 15*j**2 - 12*j - 1. Let i(o) = -4*o + 15. Let w be i(6). Let t be (-5)/((w/(-6))/(-3)). Is k(t) a composite number?
False
Suppose -5*a - 22 + 47 = 0. Suppose t = -2*v + 1400, 3*t - a*t + 697 = v. Is v prime?
True
Let v(q) = 35*q - 12. Let w(l) = -l - 1. Let d(h) = -v(h) + 2*w(h). Is d(-4) a prime number?
False
Let j(t) = -372*t - 157. Is j(-9) prime?
True
Let i(w) = 104*w - 104*w + 22*w**2 + 1. Is i(2) composite?
False
Let i = 98437 - 66092. Is i a prime number?
False
Is ((-194)/(-8)*118)/((-2)/(-4)) prime?
False
Suppose -740 = -5*a - 0*a. Suppose 4*q = 4*u + a, q = 2*q - 3*u - 39. Suppose 4*d = 4*s + 84, q = d - 0*s + 2*s. Is d prime?
False
Suppose -5*c = -4*y + 2*y - 2, 4*c = -4*y - 4. Let g = 45 + -22. Suppose c = 2*t - 4, 3*j - t = 180 - g. Is j composite?
False
Let a = 1615 + -843. Let l = a - -29. Suppose 0 = 2*w - l + 215. Is w prime?
True
Let b(f) = -8*f**3 + 6*f**2 - 14*f - 35. Is b(-7) a composite number?
True
Let y(l) = -l**2 + l. Let r be (-2)/(-9) + (-8)/36. Let v be y(r). Suppose -3 = n + 3*x - 20, v = x - 5. Is n a composite number?
False
Is 3 + -1 - (-1)/((-4)/(-7452)) composite?
True
Let j(n) be the second derivative of n**5/20 + 17*n**4/12 + 7*n**3/2 - 6*n**2 + 15*n. Is j(-15) prime?
False
Let l(c) = c**2 + 16*c - 8. Let w be l(-14). Suppose 0*g = 3*g - 12. Is (-18)/w + 1170/g a composite number?
False
Suppose -14149 = 5*a - 173934. Is a prime?
True
Let d be (2/6)/((-1)/(-6)). Suppose 0 = d*h + 13 + 1. Is -1 - h/(28/16) composite?
False
Let u be 2/((-1)/(-4 + 2)). Let i be (-1 + 0)*(-2 - 0). Suppose u*d - 422 = i*d. Is d a prime number?
True
Let d = -95406 - -145847. Is d prime?
True
Let c(u) = -322*u - 7. Let t be c(2). Suppose z = -4*z + 5110. Let i = t + z. Is i a composite number?
True
Let m(y) = -y**3 + 12*y**2 + 7*y - 26. Let t be m(12). Is (t/4)/((-3)/(-30)) a prime number?
False
Is 5/((-30)/18) - 1796/(-1) a prime number?
False
Suppose -147 = 2*g - 5*g. Suppose 518 - g = c. Is c a composite number?
True
Suppose 5*r + 6 = -9, 5*r = -y - 15. Suppose 0*w + 5*w - 16978 = -3*t, -t - 4 = y. Suppose -q - w = -5*p, 0*p - q + 1355 = 2*p. Is p a composite number?
True
Let c(b) = 124*b**3 - 4*b**2 + 5*b + 2. Is c(7) prime?
True
Let a(s) = 246*s + 95. Is a(9) a composite number?
False
Let v be 1 - (39 + 0/1). Let q = 34 + v. Let s(w) = 10*w**2 + 3*w - 3. Is s(q) composite?
True
Suppose -2*r = 627 - 7649. Is r a composite number?
False
Let k(p) = 44*p**2 - 5*p - 9. Let s be k(-3). Let u = 821 - s. Is u a composite number?
False
Suppose -6136 = -3*l + 4085. Let h = l - 2026. Is h a composite number?
False
Let n(y) = 59*y + 268. Is n(35) prime?
True
Let x = -2479 - -5092. Suppose -5*y + 5*g + x = -2587, 3*g - 5224 = -5*y. Is y prime?
False
Let z be (-6664)/(-6) + 26/(-39). Suppose -3*q = 5*c - 2*q - z, -3*q = 15. Suppose -14 = -3*v + c. Is v a composite number?
False
Suppose 20*y + 1 = 19*y, 0 = 3*i - 3*y - 7596. Is i composite?
False
Let n be -513*1 + 0 + -1. Is (n/(-6) - 2)/((-1)/(-3)) prime?
True
Let g = 89 - 63. Let m = g + -16. Suppose -m*d + 5*d + 3935 = 0. Is d composite?
False
Let n(m) = m**2 + 103 + 1146*m**3 - m - m - 102 + m**2. Is n(1) a prime number?
False
Let u(x) = 41*x - 10. Let i be u(9). Suppose -5*n = -3*j + 2500, 5*j + n = i + 3817. Is j prime?
False
Suppose -3*c = -2*d - 864 - 7700, 2*c = -2*d + 5696. Let g = 5463 - c. Is g composite?
True
Let k(d) = -292*d + 235. Is k(-12) prime?
True
Let t = -7233 - -4677. Let p = 3613 + t. Is p a composite number?
True
Let p(s) = -43*s + 179. Is p(-28) prime?
False
Suppose 14*n = -17*n + 609491. Is n a composite number?
False
Suppose t + 42 - 45 = 0. Suppose -6514 = -2*i - t*m, 3*i + 0*m = -5*m + 9773. Is i a composite number?
False
Suppose a = 7*a. Suppose a*u + 2*c = -u + 319, -5 = c. Is u a prime number?
False
Suppose 0 = l - 3*o - 19, 0 = 3*o + 10 + 5. Is ((-2134)/l)/(2/(-4)) composite?
True
Let g = 11969 - 8536. Is g composite?
False
Let t(u) = u**3 - 11*u**2 + 5*u - 18. Let s be t(14). Suppose p = -p + s. Suppose -2*c = 5*k - 315, 5*k + c = -0*k + p. Is k prime?
False
Let w(b) be the third derivative of b**4/24 + b**3/3 + 4*b**2. Let n be w(-2). Suppose n = -h + 5*y + 9, -4*h + 0*h - 3*y = -82. Is h a composite number?
False
Let c(y) = -3*y - 24. Let d be c(-8). Suppose d*g - 148 = -2*g. Is g composite?
True
Let k(l) = -5*l + 72433. Is k(0) prime?
False
Let v(b) = -b**3 + 7*b**2 - 5*b - 7. Let r be v(6). Is (18/(-36))/(r/174) a prime number?
False
Let q(g) = -72*g + 31. Is q(-9) composite?
True
Let r(n) = -n**3 + 8*n**2 - n - 1. Let a be r(8). Let u be (a/(-2))/((-10)/(-180)). Suppose 2*t - 157 - u = 0. Is t prime?
False
Suppose -5*r = 5*q - 15, 5*q + 0*r - 3*r + 9 = 0. Suppose 2*x - 3*b - 823 = q, 2*x - 2*b - 351 = 473. Is x prime?
False
Let s(a) = -3*a**2 + a + 1. Let l be s(-1). Is (-6135)/(-10)*(-2)/l a composite number?
False
Suppose 7119 = -10*i + 11*i + 2*s, -5*i = -3*s - 35569. Is i composite?
True
Suppose -4*s + 25 = 13. Suppose -s*t + 2061 = -4*x, -4*t - x + 3342 = 575. Is t a composite number?
False
Suppose 2*r - 611 = -v + 726, 6697 = 5*v + 4*r. Is (v/36)/((-2)/(-16)) a composite number?
True
Suppose 10*a + 18*a = 35756. Is a composite?
False
Suppose -5*s + 5 = 50. Let m(q) = -q - 5. Let l be m(s). Suppose 2045 = l*r + r. Is r composite?
False
Suppose 0 = 4*s - 7 + 3. Is 166 + (-6)/((-2)/s) composite?
True
Let f = 73 - 28. Suppose -2*w = -215 + f. Is w prime?
False
Suppose y + 555 = -2*t, -4*t - 4*y = -9*y + 1145. Let s = 543 + 114. Let g = s + t. Is g prime?
False
Let b be (372 - (0 - 1)) + -3. Suppose -c - 4*c + b = 0. Is c a prime number?
False
Let s = 48 + -22. Suppose s = 5*d + a - 65, 3*a + 69 = 3*d. Is d prime?
True
Let d = -24 + 31. Is 0 + 1143/(d + -4) a prime number?
False
Let r = -25642 + 46343. Is r composite?
True
Is -3*(-10)/(-10) + (2429 - -1) a composite number?
True
Suppose -5*r - 37436 + 6611 = 0. Is (33/12 - 3) + r/(-4) a prime number?
False
Let l(m) = 16*m + 15. Let y(i) = 11*i + 10. Let t(k) = 5*l(k) - 7*y(k). Let v be t(-5). Is 2/5 + (-2026)/v a composite number?
True
L